{"id":7,"date":"2019-05-23T20:52:50","date_gmt":"2019-05-23T23:52:50","guid":{"rendered":"https:\/\/alumis.com.br\/?page_id=7"},"modified":"2019-05-23T20:52:50","modified_gmt":"2019-05-23T23:52:50","slug":"quem-somos","status":"publish","type":"page","link":"https:\/\/alumis.com.br\/?page_id=7","title":{"rendered":"Quem Somos"},"content":{"rendered":"\n<figure class=\"wp-block-image\"><img data-recalc-dims=\"1\" loading=\"lazy\" decoding=\"async\" width=\"1024\" height=\"683\" src=\"https:\/\/i0.wp.com\/alumis.com.br\/wp-content\/uploads\/2019\/07\/Milano-Site.jpg?resize=1024%2C683\" alt=\"\" class=\"wp-image-49\" srcset=\"https:\/\/i0.wp.com\/alumis.com.br\/wp-content\/uploads\/2019\/07\/Milano-Site.jpg?resize=1024%2C683&amp;ssl=1 1024w, https:\/\/i0.wp.com\/alumis.com.br\/wp-content\/uploads\/2019\/07\/Milano-Site.jpg?resize=300%2C200&amp;ssl=1 300w, https:\/\/i0.wp.com\/alumis.com.br\/wp-content\/uploads\/2019\/07\/Milano-Site.jpg?resize=768%2C513&amp;ssl=1 768w, https:\/\/i0.wp.com\/alumis.com.br\/wp-content\/uploads\/2019\/07\/Milano-Site.jpg?resize=1536%2C1025&amp;ssl=1 1536w, https:\/\/i0.wp.com\/alumis.com.br\/wp-content\/uploads\/2019\/07\/Milano-Site.jpg?w=1900&amp;ssl=1 1900w\" sizes=\"auto, (max-width: 1024px) 100vw, 1024px\" \/><\/figure>\n\n\n\n<p style=\"text-align:justify\" class=\"has-text-color has-very-dark-gray-color\">Foi no ano de 2011 em Nova Trento &#8211; Santa Catarina, que nasceu a empresa familiar Alumath, especializada na produ\u00e7\u00e3o de portas em alum\u00ednio e vidro para m\u00f3veis e portas de passagem.<\/p>\n\n\n\n<p style=\"text-align:justify\" class=\"has-text-color has-very-dark-gray-color\">O constante investimento em pesquisa\ne novas tecnologias permitiu a Alumath oferecer ao mercado moveleiro produtos e\nservi\u00e7os que prezam pela excel\u00eancia na qualidade e acabamento. Com o passar dos\nanos, isso garantiu \u00e0 empresa maior visibilidade em seu ramo de atua\u00e7\u00e3o, crescendo\ne incorporando ao seu portf\u00f3lio de produtos outros acess\u00f3rios para m\u00f3veis, tais\ncomo sistemas de correr e trilhos, puxadores, perfis estruturais de alum\u00ednio\npara prateleiras, cabideiros, entre outros.<\/p>\n\n\n\n<p style=\"text-align:justify\" class=\"has-text-color has-very-dark-gray-color\">Em 2019, um novo e grande\ndesafio surgiu para a empresa. A Alumath transformou-se em Alumis \u2013 Esquadrias\ne Acess\u00f3rios para M\u00f3veis, que passou a operar sob nova dire\u00e7\u00e3o. <\/p>\n\n\n\n<p style=\"text-align:justify\" class=\"has-text-color has-very-dark-gray-color\">As mudan\u00e7as refor\u00e7aram o\nobjetivo da empresa de expandir os neg\u00f3cios, aumentar a capacidade produtiva,\noferecer novos produtos e garantir um atendimento mais pr\u00f3ximo, personalizado,\n\u00e1gil e efetivo aos clientes, sempre valorizando o capital humano, que \u00e9 o grande\npatrim\u00f4nio da empresa. Hoje, a Alumis \u00e9 uma refer\u00eancia no mercado quando o\nassunto \u00e9 esquadrias e acess\u00f3rios para m\u00f3veis.<\/p>\n\n\n\n<p class=\"has-text-color has-very-dark-gray-color\">IDENTIDADE CORPORATIVA<\/p>\n\n\n\n<p style=\"text-align:justify\" class=\"has-text-color has-very-dark-gray-color\"> Miss\u00e3o: Fazer com que nossos clientes pe\u00e7am Alumis em seus m\u00f3veis, em fun\u00e7\u00e3o da excel\u00eancia em qualidade e acabamento de nossos produtos.<\/p>\n\n\n\n<p class=\"has-text-color has-very-dark-gray-color\"> Valores e Princ\u00edpios:<\/p>\n\n\n\n<p class=\"has-text-color has-very-dark-gray-color\">&#8211; Integridade e comprometimento;<\/p>\n\n\n\n<p class=\"has-text-color has-very-dark-gray-color\">&#8211; Atitude respons\u00e1vel com o meio ambiente;<\/p>\n\n\n\n<p class=\"has-text-color has-very-dark-gray-color\">&#8211; Valoriza\u00e7\u00e3o e desenvolvimento constante do capital\nhumano<\/p>\n\n\n\n<p class=\"has-text-color has-very-dark-gray-color\">&#8211; Satisfa\u00e7\u00e3o e fideliza\u00e7\u00e3o de clientes;<\/p>\n\n\n\n<p class=\"has-text-color has-very-dark-gray-color\">&#8211; Melhoria cont\u00ednua;<\/p>\n\n\n\n<p class=\"has-text-color has-very-dark-gray-color\">&#8211; Investimento constante em inova\u00e7\u00e3o e tecnologia.<\/p>\n\n\n\n<p style=\"text-align:justify\" class=\"has-text-color has-very-dark-gray-color\"> Vis\u00e3o: Expandir nosso mercado comercializando produtos de alta qualidade e acabamento, cada vez mais pr\u00f3ximos de nossos clientes, atendendo suas necessidades e expectativas.<\/p>\n\n\n\n<figure class=\"wp-block-image\"><img data-recalc-dims=\"1\" loading=\"lazy\" decoding=\"async\" width=\"1024\" height=\"576\" src=\"https:\/\/i0.wp.com\/alumis.com.br\/wp-content\/uploads\/2019\/07\/Verona-Site.png?resize=1024%2C576\" alt=\"\" class=\"wp-image-50\" srcset=\"https:\/\/i0.wp.com\/alumis.com.br\/wp-content\/uploads\/2019\/07\/Verona-Site.png?resize=1024%2C576&amp;ssl=1 1024w, https:\/\/i0.wp.com\/alumis.com.br\/wp-content\/uploads\/2019\/07\/Verona-Site.png?resize=300%2C169&amp;ssl=1 300w, https:\/\/i0.wp.com\/alumis.com.br\/wp-content\/uploads\/2019\/07\/Verona-Site.png?resize=768%2C432&amp;ssl=1 768w, https:\/\/i0.wp.com\/alumis.com.br\/wp-content\/uploads\/2019\/07\/Verona-Site.png?resize=1536%2C863&amp;ssl=1 1536w, https:\/\/i0.wp.com\/alumis.com.br\/wp-content\/uploads\/2019\/07\/Verona-Site.png?w=1980&amp;ssl=1 1980w\" sizes=\"auto, (max-width: 1024px) 100vw, 1024px\" \/><\/figure>\n","protected":false},"excerpt":{"rendered":"<p>Foi no ano de 2011 em Nova Trento &#8211; Santa Catarina, que nasceu a empresa familiar Alumath, especializada na produ\u00e7\u00e3o &hellip; <a href=\"https:\/\/alumis.com.br\/?page_id=7\" class=\"more-link\">Continue reading <span class=\"screen-reader-text\">Quem Somos<\/span><\/a><\/p>\n","protected":false},"author":1,"featured_media":0,"parent":0,"menu_order":0,"comment_status":"closed","ping_status":"closed","template":"","meta":{"footnotes":""},"class_list":["post-7","page","type-page","status-publish","hentry"],"jetpack_sharing_enabled":true,"_links":{"self":[{"href":"https:\/\/alumis.com.br\/index.php?rest_route=\/wp\/v2\/pages\/7","targetHints":{"allow":["GET"]}}],"collection":[{"href":"https:\/\/alumis.com.br\/index.php?rest_route=\/wp\/v2\/pages"}],"about":[{"href":"https:\/\/alumis.com.br\/index.php?rest_route=\/wp\/v2\/types\/page"}],"author":[{"embeddable":true,"href":"https:\/\/alumis.com.br\/index.php?rest_route=\/wp\/v2\/users\/1"}],"replies":[{"embeddable":true,"href":"https:\/\/alumis.com.br\/index.php?rest_route=%2Fwp%2Fv2%2Fcomments&post=7"}],"version-history":[{"count":0,"href":"https:\/\/alumis.com.br\/index.php?rest_route=\/wp\/v2\/pages\/7\/revisions"}],"wp:attachment":[{"href":"https:\/\/alumis.com.br\/index.php?rest_route=%2Fwp%2Fv2%2Fmedia&parent=7"}],"curies":[{"name":"wp","href":"https:\/\/api.w.org\/{rel}","templated":true}]}}